 prime factors of 18414397?
181, 101737
List the prime factors of 496869.
3, 19, 23, 379
List the prime factors of 15871240.
2, 5, 7, 11, 5153
List the prime factors of 2732951.
13, 43, 4889
What are the prime factors of 239077?
19, 12583
What are the prime factors of 151893?
3, 7, 2411
List the prime factors of 492707.
492707
List the prime factors of 202640.
2, 5, 17, 149
List the prime factors of 410615.
5, 41, 2003
What are the prime factors of 3695553?
3, 410617
What are the prime factors of 1386470?
2, 5, 138647
What are the prime factors of 618061?
373, 1657
What are the prime factors of 1229232?
2, 3, 25609
List the prime factors of 11891537.
7, 29, 58579
List the prime factors of 2672639.
2672639
List the prime factors of 175871.
397, 443
List the prime factors of 720125.
5, 7, 823
What are the prime factors of 6446001?
3, 43, 107, 467
What are the prime factors of 12057807?
3, 571, 7039
List the prime factors of 168721.
7, 24103
List the prime factors of 576502.
2, 47, 6133
List the prime factors of 4543440.
2, 3, 5, 11, 1721
List the prime factors of 18937922.
2, 449, 21089
List the prime factors of 408913.
408913
List the prime factors of 563507.
7, 79, 1019
List the prime factors of 1362327.
3, 454109
What are the prime factors of 27665822?
2, 593, 23327
What are the prime factors of 131630?
2, 5, 13163
List the prime factors of 11598975.
3, 5, 51551
List the prime factors of 7229233.
11, 17, 67, 577
List the prime factors of 131211.
3, 61, 239
List the prime factors of 255928.
2, 31991
List the prime factors of 1492554.
2, 3, 7, 35537
List the prime factors of 345586.
2, 67, 2579
What are the prime factors of 1686337?
23, 157, 467
List the prime factors of 7459839.
3, 828871
What are the prime factors of 2905978?
2, 241, 6029
List the prime factors of 2405259.
3, 31, 37, 233
List the prime factors of 2347137.
3, 13, 743
List the prime factors of 270797.
270797
List the prime factors of 15065520.
2, 3, 5, 62773
List the prime factors of 258171.
3, 47, 1831
List the prime factors of 2506670.
2, 5, 19, 79, 167
What are the prime factors of 420783?
3, 11, 41, 311
What are the prime factors of 713157?
3, 89, 2671
List the prime factors of 6140086.
2, 3070043
List the prime factors of 242388.
2, 3, 6733
What are the prime factors of 446291?
19, 83, 283
What are the prime factors of 34422?
2, 3, 5737
List the prime factors of 4615991.
4615991
List the prime factors of 106370.
2, 5, 11, 967
List the prime factors of 11667696.
2, 3, 243077
List the prime factors of 4122481.
11, 374771
What are the prime factors of 118582?
2, 211, 281
What are the prime factors of 4272361?
167, 25583
List the prime factors of 126166.
2, 199, 317
What are the prime factors of 1293395?
5, 139, 1861
What are the prime factors of 11332416?
2, 3, 59023
What are the prime factors of 1028488?
2, 59, 2179
List the prime factors of 6703178.
2, 3351589
List the prime factors of 26022981.
3, 31, 279817
What are the prime factors of 8683780?
2, 5, 7, 8861
List the prime factors of 25678.
2, 37, 347
What are the prime factors of 3237778?
2, 977, 1657
What are the prime factors of 1466218?
2, 13, 56393
What are the prime factors of 119485?
5, 23, 1039
List the prime factors of 191739.
3, 63913
List the prime factors of 4955803.
4955803
List the prime factors of 3948130.
2, 5, 394813
List the prime factors of 7065342.
2, 3, 392519
List the prime factors of 983238.
2, 3, 37, 43, 103
List the prime factors of 871857.
3, 7, 659
List the prime factors of 849858.
2, 3, 197, 719
What are the prime factors of 26643875?
5, 43, 4957
List the prime factors of 860549.
41, 139, 151
What are the prime factors of 1441630?
2, 5, 144163
List the prime factors of 1008247.
1008247
List the prime factors of 197929.
43, 4603
List the prime factors of 140213.
31, 4523
List the prime factors of 226020.
2, 3, 5, 3767
What are the prime factors of 182877?
3, 47, 1297
What are the prime factors of 9441252?
2, 3, 19, 43, 107
What are the prime factors of 809505?
3, 5, 17989
List the prime factors of 4316299.
13, 61, 5443
List the prime factors of 3176841.
3, 17, 167, 373
What are the prime factors of 3879033?
3, 1293011
List the prime factors of 265590.
2, 3, 5, 13, 227
List the prime factors of 5187983.
421, 12323
What are the prime factors of 794944?
2, 12421
What are the prime factors of 1664475?
3, 5, 22193
What are the prime factors of 3012447?
3, 211, 4759
List the prime factors of 2728010.
2, 5, 37, 73, 101
What are the prime factors of 1513835?
5, 302767
List the prime factors of 659476.
2, 173, 953
What are the prime factors of 565422?
2, 3, 11, 13, 659
List the prime factors of 1944541.
67, 29023
What are the prime factors of 1000658?
2, 491, 1019
List the prime factors of 469394.
2, 29, 8093
List the prime factors of 719957.
7, 2099
List the prime factors of 6108483.
3, 2036161
List the prime factors of 14615798.
2, 1249, 5851
List the prime factors of 1640734.
2, 820367
What are the prime factors of 2331863?
653, 3571
List the prime factors of 9922570.
2, 5, 7, 229, 619
List the prime factors of 468377.
7, 13, 5147
List the prime factors of 2981826.
2, 3, 55219
What are the prime factors of 1000232?
2, 125029
List the prime factors of 394333.
83, 4751
What are the prime factors of 459189?
3, 5669
What are the prime factors of 16952620?
2, 5, 389, 2179
What are the prime factors of 819282?
2, 3, 136547
What are the prime factors of 1264854?
2, 3, 210809
What are the prime factors of 513191?
7, 167, 439
List the prime factors of 3613127.
7, 516161
What are the prime factors of 966594?
2, 3, 71, 2269
List the prime factors of 4557118.
2, 29, 78571
What are the prime factors of 5033360?
2, 5, 17, 3701
List the prime factors of 5153228.
2, 1288307
List the prime factors of 1100312.
2, 79, 1741
What are the prime factors of 1801804?
2, 450451
What are the prime factors of 822059?
7, 117437
List the prime factors of 4906205.
5, 981241
What are the prime factors of 6102132?
2, 3, 103, 4937
List the prime factors of 217085.
5, 11, 3947
List the prime factors of 844453.
844453
List the prime factors of 131583.
3, 23, 1907
What are the prime factors of 391579?
391579
List the prime factors of 2346212.
2, 11, 53323
What are the prime factors of 191766?
2, 3, 31, 1031
What are the prime factors of 121629?
3, 40543
What are the prime factors of 19739324?
2, 11, 151, 2971
What are the prime factors of 1240622?
2, 620311
List the prime factors of 233943.
3, 29, 2689
List the prime factors of 5672023.
7, 29, 27941
List the prime factors of 316630.
2, 5, 31663
List the prime factors of 495572.
2, 7, 11, 1609
List the prime factors of 406107.
3, 13, 89
What are the prime factors of 2729311?
13, 71, 2957
List the prime factors of 29136742.
2, 17, 107, 8009
List the prime factors of 295342.
2, 147671
List the prime factors of 276648.
2, 3, 11527
What are the prime factors of 222596?
2, 11, 5059
What are the prime factors of 190453?
227, 839
List the prime factors of 100005.
3, 5, 59, 113
What are the prime factors of 339206?
2, 7, 24229
List the prime factors of 15124118.
2, 17, 163, 2729
List the prime factors of 17516342.
2, 8758171
List the prime factors of 204747.
3, 139, 491
List the prime factors of 70258.
2, 35129
List the prime factors of 532465.
5, 109, 977
What are the prime factors of 78125?
5
List the prime factors of 55089.
3, 6121
List the prime factors of 2768624.
2, 173039
What are the prime factors of 747130?
2, 5, 74713
List the prime factors of 132630.
2, 3, 5, 4421
List the prime factors of 74074.
2, 7, 11, 13, 37
What are the prime factors of 14692?
2, 3673
List the prime factors of 17100.
2, 3, 5, 19
What are the prime factors of 226490?
2, 5, 11, 29, 71
List the prime factors of 541517.
29, 71, 263
List the prime factors of 85605.
3, 5, 13, 439
List the prime factors of 2778011.
2778011
List the prime factors of 7913488.
2, 11, 44963
What are the prime factors of 1504049?
193, 7793
List the prime factors of 72663.
3, 53, 457
List the prime factors of 167696.
2, 47, 223
List the prime factors of 2343770.
2, 5, 11, 13, 149
List the prime factors of 514885.
5, 7, 47, 313
What are the prime factors of 179647?
13, 1063
What are the prime factors of 2189011?
11, 79, 229
What are the 